st common factor of 1636 and 427814?
818
Calculate the highest common divisor of 71365 and 4.
1
Calculate the highest common factor of 13404 and 24.
12
Calculate the highest common factor of 22246 and 713461.
1589
What is the highest common divisor of 476 and 1960?
28
What is the highest common divisor of 848 and 22208?
16
What is the greatest common divisor of 2114 and 280?
14
Calculate the highest common factor of 1155 and 2240315.
385
Calculate the highest common factor of 160 and 30.
10
Calculate the highest common factor of 3528925 and 25.
25
Calculate the greatest common divisor of 85 and 1375708.
17
Calculate the greatest common divisor of 4394 and 5174.
26
Calculate the greatest common divisor of 979 and 4686.
11
What is the highest common divisor of 41984 and 160?
32
What is the greatest common divisor of 12282 and 32574?
534
What is the highest common divisor of 4465 and 976942?
893
Calculate the greatest common factor of 1176 and 3990.
42
Calculate the greatest common divisor of 2992481 and 1653.
551
What is the greatest common divisor of 1807 and 11453?
13
Calculate the greatest common divisor of 202 and 75346.
202
Calculate the greatest common divisor of 4375 and 14.
7
Calculate the highest common divisor of 33197 and 52593.
373
What is the highest common factor of 906 and 786?
6
What is the highest common factor of 4697 and 2189?
11
Calculate the greatest common factor of 621 and 132549.
69
Calculate the greatest common divisor of 66035 and 5620.
1405
Calculate the highest common divisor of 1264 and 1436.
4
What is the greatest common factor of 2834 and 70?
2
What is the greatest common divisor of 6177 and 174?
87
Calculate the greatest common divisor of 18 and 267318.
18
What is the greatest common factor of 6674 and 24205?
47
What is the highest common divisor of 22765 and 145?
145
Calculate the greatest common factor of 569682 and 54.
18
What is the greatest common factor of 529490 and 130?
130
Calculate the greatest common factor of 23582 and 52.
26
What is the highest common divisor of 45031 and 931?
49
What is the highest common divisor of 96080 and 48?
16
What is the greatest common divisor of 4938626 and 154?
154
What is the highest common divisor of 693 and 366674?
77
What is the highest common divisor of 164695 and 55?
5
Calculate the highest common divisor of 180 and 42948.
36
What is the greatest common divisor of 4720 and 654310?
590
What is the greatest common divisor of 1476 and 5781?
123
What is the highest common divisor of 149025 and 525?
75
Calculate the highest common factor of 966 and 15042.
138
What is the greatest common divisor of 3129 and 8379?
21
What is the highest common divisor of 180 and 376020?
180
Calculate the greatest common divisor of 98342 and 4.
2
Calculate the highest common divisor of 13802 and 6798.
206
What is the greatest common divisor of 7324 and 206?
2
What is the highest common factor of 8250 and 792?
66
Calculate the highest common factor of 95 and 1723547.
19
What is the greatest common divisor of 56 and 63854?
14
Calculate the highest common factor of 1775 and 10579.
71
Calculate the greatest common divisor of 10 and 20890.
10
Calculate the highest common divisor of 16827 and 781.
71
Calculate the greatest common factor of 28872 and 4411.
401
Calculate the highest common divisor of 1330 and 1840.
10
Calculate the highest common factor of 313 and 1721813.
313
Calculate the greatest common factor of 1465639 and 196.
49
What is the greatest common factor of 56 and 150738?
14
What is the greatest common divisor of 581614 and 22?
22
Calculate the greatest common divisor of 116340 and 150.
30
Calculate the greatest common factor of 39 and 242463.
39
What is the greatest common divisor of 11904 and 75144?
744
What is the greatest common factor of 355673 and 179?
179
What is the greatest common divisor of 1275 and 56325?
75
Calculate the highest common factor of 75 and 449025.
75
What is the greatest common factor of 2352 and 669144?
1176
Calculate the greatest common divisor of 8901 and 27.
9
Calculate the greatest common divisor of 86 and 69101.
43
What is the highest common factor of 2705755 and 65?
65
Calculate the greatest common factor of 54 and 14625.
9
Calculate the greatest common divisor of 5897412 and 428.
428
Calculate the greatest common factor of 237127 and 286.
11
What is the highest common factor of 15046 and 6?
2
What is the greatest common factor of 12727 and 858?
143
What is the greatest common divisor of 84636 and 72?
36
What is the highest common factor of 2183 and 1711?
59
What is the highest common factor of 23912 and 1220?
244
Calculate the highest common divisor of 42 and 2100742.
14
What is the highest common divisor of 12 and 471804?
12
Calculate the greatest common divisor of 2391 and 9.
3
What is the highest common divisor of 2832 and 4425?
177
What is the greatest common divisor of 20889 and 576?
9
What is the greatest common factor of 2368 and 129907?
37
Calculate the highest common factor of 82537 and 143.
13
What is the highest common factor of 15807 and 51909?
33
Calculate the greatest common factor of 34165 and 160.
5
Calculate the greatest common divisor of 6 and 512322.
6
What is the greatest common factor of 1002499 and 103?
103
Calculate the highest common factor of 322 and 59984.
46
What is the greatest common factor of 116 and 701742?
58
Calculate the highest common factor of 325149 and 66.
33
Calculate the highest common factor of 11856 and 21375.
57
What is the highest common divisor of 2023 and 189?
7
What is the greatest common divisor of 5 and 52565?
5
What is the highest common divisor of 654 and 1728?
6
Calculate the greatest common divisor of 18802 and 1089173.
1343
Calculate the highest common divisor of 49500 and 1782.
198
What is the highest common divisor of 426684 and 74?
74
What is the greatest common divisor of 66 and 956494?
22
What is the greatest common divisor of 522 and 78561?
261
What is the greatest common divisor of 30075 and 570?
15
Calculate the highest common divisor of 559 and 39560.
43
What is the greatest common factor of 6532 and 2139?
23
Calculate the highest common factor of 8 and 184424.
8
Calculate the highest common factor of 465444 and 252.
252
What is the greatest common factor of 115 and 7521460?
115
Calculate the greatest common divisor of 633 and 66465.
633
What is the highest common factor of 75429 and 696?
87
Calculate the greatest common divisor of 106224 and 208.
16
What is the greatest common factor of 68653 and 871?
13
What is the highest common factor of 786716 and 28?
28
Calculate the greatest common factor of 100499 and 33271.
343
Calculate the greatest common factor of 65 and 323362.
13
What is the highest common factor of 3664 and 752?
16
What is the greatest common factor of 10365 and 1860?
15
Calculate the greatest common divisor of 280 and 96740.
140
What is the greatest common factor of 4 and 2662?
2
Calculate the highest common factor of 380215 and 440.
55
What is the greatest common factor of 48 and 600104?
8
What is the highest common factor of 1938328 and 56?
56
Calculate the greatest common divisor of 1505 and 15963535.
1505
What is the highest common factor of 2024 and 16?
8
What is the highest common divisor of 264 and 139986?
66
Calculate the highest common divisor of 266 and 92288.
14
What is the highest common factor of 42069 and 1516?
379
What is the highest common divisor of 855 and 104785?
95
What is the greatest common factor of 54036 and 285?
57
Calculate the greatest common factor of 305834 and 58.
58
Calculate the greatest common divisor of 564081 and 21.
21
Calculate the greatest common factor of 55836 and 75482.
1034
Calculate the highest common divisor of 9312 and 10767.
291
Calculate the greatest common factor of 35368 and 40.
8
What is the highest common divisor of 56374 and 140538?
794
What is the greatest common factor of 117690 and 470?
10
What is the greatest common factor of 266336 and 63017?
1189
What is the highest common divisor of 272 and 22916?
68
What is the greatest common factor of 1097776 and 4?
4
Calculate the greatest common factor of 21938 and 98.
14
Calculate the highest common factor of 9394 and 280.
14
Calculate the greatest common divisor of 24 and